{"id":239,"date":"2021-09-15T21:24:51","date_gmt":"2021-09-15T19:24:51","guid":{"rendered":"https:\/\/hp-bm-wolfurt.azurewebsites.net\/?page_id=239"},"modified":"2025-05-07T22:11:07","modified_gmt":"2025-05-07T20:11:07","slug":"ehrenmitglieder","status":"publish","type":"page","link":"https:\/\/bmwolfurt.at\/?page_id=239","title":{"rendered":"Ehrenmitglieder"},"content":{"rendered":"\n<div class=\"wp-block-group\"><div class=\"wp-block-group__inner-container is-layout-constrained wp-block-group-is-layout-constrained\">\n<div class=\"wp-block-columns is-layout-flex wp-container-core-columns-is-layout-9d6595d7 wp-block-columns-is-layout-flex\">\n<div class=\"wp-block-column is-layout-flow wp-block-column-is-layout-flow\" style=\"flex-basis:100%\">\n<figure class=\"wp-block-table is-style-stripes\"><table><tbody><tr><td><\/td><td class=\"has-text-align-left\" data-align=\"left\">Albrecht Max<\/td><td><\/td><\/tr><tr><td><\/td><td class=\"has-text-align-left\" data-align=\"left\"><a href=\"\/wp-content\/uploads\/2021\/10\/2018_12_BMW_Albrich_Birgit.jpg\" data-type=\"URL\" data-id=\"\/wp-content\/uploads\/2021\/10\/2018_12_BMW_Albrich_Birgit.jpg\">Albrich Birgit<\/a><\/td><td><\/td><\/tr><tr><td><\/td><td class=\"has-text-align-left\" data-align=\"left\"><a href=\"\/wp-content\/uploads\/2021\/10\/2018_12_BMW_Ebnicher_Michael.jpg\">Ebnicher Michael<\/a><\/td><td><\/td><\/tr><tr><td><\/td><td class=\"has-text-align-left\" data-align=\"left\"><a href=\"\/wp-content\/uploads\/2021\/10\/2018_12_BMW_Fetz_Hans.jpg\" data-type=\"URL\" data-id=\"\/wp-content\/uploads\/2021\/10\/2018_12_BMW_Fetz_Hans.jpg\">Fetz Hans<\/a><\/td><td><\/td><\/tr><tr><td><\/td><td class=\"has-text-align-left\" data-align=\"left\"><a href=\"\/wp-content\/uploads\/2021\/10\/2018_12_BMW_Fetz_Bianca.jpg\" data-type=\"URL\" data-id=\"\/wp-content\/uploads\/2021\/10\/2018_12_BMW_Fetz_Bianca.jpg\">Fetz Bianca<\/a><\/td><td><\/td><\/tr><tr><td><\/td><td class=\"has-text-align-left\" data-align=\"left\"><a href=\"\/wp-content\/uploads\/2021\/10\/2018_12_BMW_Fischer_Stefan.jpg\">Fischer Stefan<\/a><\/td><td><\/td><\/tr><tr><td><\/td><td class=\"has-text-align-left\" data-align=\"left\"><a href=\"\/wp-content\/uploads\/2021\/10\/2018_12_BMW_Gunz_Christine.jpg\" data-type=\"URL\" data-id=\"\/wp-content\/uploads\/2021\/10\/2018_12_BMW_Gunz_Christine.jpg\">Gunz Christine<\/a><\/td><td><\/td><\/tr><tr><td><\/td><td class=\"has-text-align-left\" data-align=\"left\"><a href=\"\/wp-content\/uploads\/2021\/10\/2018_12_BMW_Hinteregger_Christoph.jpg\">Hinteregger Christoph<\/a><\/td><td><\/td><\/tr><tr><td><\/td><td class=\"has-text-align-left\" data-align=\"left\"><a href=\"\/wp-content\/uploads\/2021\/10\/2018_12_BMW_Hinteregger_Gebhard.jpg\" data-type=\"URL\" data-id=\"\/wp-content\/uploads\/2021\/10\/2018_12_BMW_Hinteregger_Gebhard.jpg\">Hinteregger Gebhard<\/a><\/td><td><\/td><\/tr><tr><td><\/td><td class=\"has-text-align-left\" data-align=\"left\">Hinteregger Urs<\/td><td><\/td><\/tr><tr><td><\/td><td class=\"has-text-align-left\" data-align=\"left\">H\u00f6fle Konrad<\/td><td><\/td><\/tr><tr><td><\/td><td class=\"has-text-align-left\" data-align=\"left\"><a href=\"\/wp-content\/uploads\/2021\/10\/2018_12_BMW_Hoefle_Richard.jpg\">H\u00f6fle Richard<\/a><\/td><td><\/td><\/tr><tr><td><\/td><td class=\"has-text-align-left\" data-align=\"left\">Klettl Georg<\/td><td><\/td><\/tr><tr><td><\/td><td class=\"has-text-align-left\" data-align=\"left\"><a href=\"\/wp-content\/uploads\/2021\/10\/2018_12_BMW_Klocker_Walter.jpg\" data-type=\"URL\" data-id=\"\/wp-content\/uploads\/2021\/10\/2018_12_BMW_Klocker_Walter.jpg\">Klocker Walter<\/a><\/td><td><\/td><\/tr><tr><td><\/td><td class=\"has-text-align-left\" data-align=\"left\">K\u00f6b Michael<\/td><td><\/td><\/tr><tr><td><\/td><td class=\"has-text-align-left\" data-align=\"left\">Kussian Walter<\/td><td><\/td><\/tr><tr><td><\/td><td class=\"has-text-align-left\" data-align=\"left\"><a href=\"\/wp-content\/uploads\/2021\/10\/2018_12_BMW_Mangele_Anton.jpg\" data-type=\"URL\" data-id=\"\/wp-content\/uploads\/2021\/10\/2018_12_BMW_Mangele_Anton.jpg\">Mangele Anton<\/a><\/td><td><\/td><\/tr><tr><td><\/td><td class=\"has-text-align-left\" data-align=\"left\"><a href=\"\/wp-content\/uploads\/2021\/10\/2018_12_BMW_Mohr_Berno.jpg\">Mohr Berno<\/a><\/td><td><\/td><\/tr><tr><td><\/td><td class=\"has-text-align-left\" data-align=\"left\">Moosbrugger Gebhard<\/td><td><\/td><\/tr><tr><td><\/td><td class=\"has-text-align-left\" data-align=\"left\"><a href=\"\/wp-content\/uploads\/2021\/10\/2018_12_BMW_Natter_Alexander.jpg\">Natter Alexander<\/a><\/td><td><\/td><\/tr><tr><td><\/td><td class=\"has-text-align-left\" data-align=\"left\"><a href=\"\/wp-content\/uploads\/2021\/10\/2018_12_BMW_Pfanner_Maria.jpg\" data-type=\"URL\" data-id=\"\/wp-content\/uploads\/2021\/10\/2018_12_BMW_Pfanner_Maria.jpg\">Pfanner Maria<\/a><\/td><td><\/td><\/tr><tr><td><\/td><td class=\"has-text-align-left\" data-align=\"left\">Pfattner Simone<\/td><td><\/td><\/tr><tr><td><\/td><td class=\"has-text-align-left\" data-align=\"left\">Pressnig Michael<\/td><td><\/td><\/tr><tr><td><\/td><td class=\"has-text-align-left\" data-align=\"left\"><a href=\"\/wp-content\/uploads\/2021\/10\/2018_12_BMW_Rohner_Filibert.jpg\" data-type=\"URL\" data-id=\"\/wp-content\/uploads\/2021\/10\/2018_12_BMW_Rohner_Filibert.jpg\">Rohner Filibert<\/a><\/td><td><\/td><\/tr><tr><td><\/td><td class=\"has-text-align-left\" data-align=\"left\">Schr\u00f6pel Werner<\/td><td><\/td><\/tr><tr><td><\/td><td class=\"has-text-align-left\" data-align=\"left\">Schertler Wolfgang<\/td><td><\/td><\/tr><tr><td><\/td><td class=\"has-text-align-left\" data-align=\"left\">Skarlounik Carmen<\/td><td><\/td><\/tr><tr><td><\/td><td class=\"has-text-align-left\" data-align=\"left\">Vonach Josef<\/td><td><\/td><\/tr><tr><td><\/td><td class=\"has-text-align-left\" data-align=\"left\"><a href=\"\/wp-content\/uploads\/2021\/10\/2018_12_BMW_Wieland_Helmut.jpg\" data-type=\"URL\" data-id=\"\/wp-content\/uploads\/2021\/10\/2018_12_BMW_Wieland_Helmut.jpg\">Wieland Helmut<\/a><\/td><td><\/td><\/tr><tr><td><\/td><td class=\"has-text-align-left\" data-align=\"left\"><a href=\"\/wp-content\/uploads\/2021\/10\/2018_12_BMW_Wuestner_Dietmar.jpg\">W\u00fcstner Dietmar<\/a> <\/td><td><\/td><\/tr><\/tbody><\/table><\/figure>\n<\/div>\n<\/div>\n<\/div><\/div>\n","protected":false},"excerpt":{"rendered":"<p>Albrecht Max Albrich Birgit Ebnicher Michael Fetz Hans Fetz Bianca Fischer Stefan Gunz Christine Hinteregger Christoph Hinteregger Gebhard Hinteregger Urs H\u00f6fle Konrad H\u00f6fle Richard Klettl Georg Klocker Walter K\u00f6b Michael <a class=\"more-link\" href=\"https:\/\/bmwolfurt.at\/?page_id=239\">Continue Reading &rarr;<\/a><\/p>\n","protected":false},"author":3,"featured_media":0,"parent":0,"menu_order":0,"comment_status":"closed","ping_status":"closed","template":"","meta":{"footnotes":""},"class_list":["post-239","page","type-page","status-publish","hentry"],"_links":{"self":[{"href":"https:\/\/bmwolfurt.at\/index.php?rest_route=\/wp\/v2\/pages\/239","targetHints":{"allow":["GET"]}}],"collection":[{"href":"https:\/\/bmwolfurt.at\/index.php?rest_route=\/wp\/v2\/pages"}],"about":[{"href":"https:\/\/bmwolfurt.at\/index.php?rest_route=\/wp\/v2\/types\/page"}],"author":[{"embeddable":true,"href":"https:\/\/bmwolfurt.at\/index.php?rest_route=\/wp\/v2\/users\/3"}],"replies":[{"embeddable":true,"href":"https:\/\/bmwolfurt.at\/index.php?rest_route=%2Fwp%2Fv2%2Fcomments&post=239"}],"version-history":[{"count":14,"href":"https:\/\/bmwolfurt.at\/index.php?rest_route=\/wp\/v2\/pages\/239\/revisions"}],"predecessor-version":[{"id":1573,"href":"https:\/\/bmwolfurt.at\/index.php?rest_route=\/wp\/v2\/pages\/239\/revisions\/1573"}],"wp:attachment":[{"href":"https:\/\/bmwolfurt.at\/index.php?rest_route=%2Fwp%2Fv2%2Fmedia&parent=239"}],"curies":[{"name":"wp","href":"https:\/\/api.w.org\/{rel}","templated":true}]}}